3
Calculate the remainder when 125704 is divided by 25139.
9
Calculate the remainder when 201 is divided by 11.
3
Calculate the remainder when 1163 is divided by 252.
155
Calculate the remainder when 1114 is divided by 358.
40
What is the remainder when 118601 is divided by 335?
11
Calculate the remainder when 45067 is divided by 2503.
13
Calculate the remainder when 8639 is divided by 114.
89
What is the remainder when 9140 is divided by 455?
40
Calculate the remainder when 16978408 is divided by 170.
168
Calculate the remainder when 140939 is divided by 204.
179
What is the remainder when 429234 is divided by 199?
190
Calculate the remainder when 5616 is divided by 1869.
9
Calculate the remainder when 3779 is divided by 81.
53
What is the remainder when 19882 is divided by 95?
27
Calculate the remainder when 64605 is divided by 32277.
51
What is the remainder when 457150 is divided by 83?
69
What is the remainder when 32947 is divided by 1733?
20
What is the remainder when 10017 is divided by 344?
41
Calculate the remainder when 1576 is divided by 95.
56
Calculate the remainder when 2959806 is divided by 412.
410
What is the remainder when 15889 is divided by 454?
453
What is the remainder when 15046 is divided by 3760?
6
Calculate the remainder when 1366951 is divided by 95.
91
Calculate the remainder when 512 is divided by 58.
48
Calculate the remainder when 39708 is divided by 819.
396
What is the remainder when 7117 is divided by 1737?
169
What is the remainder when 531058 is divided by 795?
793
Calculate the remainder when 18628 is divided by 327.
316
What is the remainder when 28682 is divided by 5735?
7
Calculate the remainder when 40355 is divided by 57.
56
Calculate the remainder when 596359 is divided by 2909.
14
Calculate the remainder when 3193 is divided by 437.
134
Calculate the remainder when 19155 is divided by 76.
3
Calculate the remainder when 4115 is divided by 29.
26
What is the remainder when 59271 is divided by 19756?
3
Calculate the remainder when 31673 is divided by 5.
3
What is the remainder when 651 is divided by 446?
205
What is the remainder when 5041 is divided by 2512?
17
What is the remainder when 19410 is divided by 1817?
1240
Calculate the remainder when 160 is divided by 15.
10
What is the remainder when 19148 is divided by 2561?
1221
What is the remainder when 4313 is divided by 6?
5
Calculate the remainder when 141062 is divided by 51.
47
What is the remainder when 15724 is divided by 2618?
16
Calculate the remainder when 25711 is divided by 1512.
7
What is the remainder when 9799 is divided by 437?
185
What is the remainder when 667 is divided by 272?
123
Calculate the remainder when 40103 is divided by 4455.
8
Calculate the remainder when 950999 is divided by 40.
39
What is the remainder when 2694 is divided by 114?
72
Calculate the remainder when 1250 is divided by 1231.
19
Calculate the remainder when 3986008 is divided by 2331.
2329
What is the remainder when 14314 is divided by 7134?
46
Calculate the remainder when 5582 is divided by 17.
6
Calculate the remainder when 15967 is divided by 999.
982
Calculate the remainder when 90692 is divided by 266.
252
Calculate the remainder when 113013 is divided by 19.
1
What is the remainder when 1974 is divided by 1919?
55
What is the remainder when 10382 is divided by 3460?
2
What is the remainder when 1644981 is divided by 126537?
0
What is the remainder when 384215 is divided by 951?
11
Calculate the remainder when 3065 is divided by 548.
325
What is the remainder when 1150486 is divided by 1180?
1166
What is the remainder when 133414 is divided by 16673?
30
What is the remainder when 2044217 is divided by 126?
119
What is the remainder when 69981 is divided by 47?
45
What is the remainder when 19996 is divided by 488?
476
Calculate the remainder when 49596 is divided by 204.
24
Calculate the remainder when 12289 is divided by 823.
767
What is the remainder when 48305 is divided by 1932?
5
What is the remainder when 552472 is divided by 385?
382
What is the remainder when 15314 is divided by 7656?
2
What is the remainder when 12603 is divided by 12555?
48
What is the remainder when 17306 is divided by 107?
79
Calculate the remainder when 1250 is divided by 181.
164
What is the remainder when 5142 is divided by 166?
162
What is the remainder when 15645 is divided by 3854?
229
Calculate the remainder when 42639 is divided by 14149.
192
What is the remainder when 195122 is divided by 193?
192
What is the remainder when 21944 is divided by 732?
716
Calculate the remainder when 90457 is divided by 45204.
49
Calculate the remainder when 64071 is divided by 31.
25
Calculate the remainder when 62944 is divided by 8985.
49
What is the remainder when 9485 is divided by 351?
8
What is the remainder when 9248083 is divided by 785?
783
Calculate the remainder when 81113 is divided by 27030.
23
What is the remainder when 34288 is divided by 56?
16
What is the remainder when 89246 is divided by 106?
100
What is the remainder when 35232 is divided by 11591?
459
Calculate the remainder when 2686 is divided by 658.
54
Calculate the remainder when 4097 is divided by 247.
145
What is the remainder when 10551 is divided by 2098?
61
What is the remainder when 1939 is divided by 100?
39
Calculate the remainder when 4781 is divided by 137.
123
What is the remainder when 21472 is divided by 489?
445
Calculate the remainder when 425 is divided by 77.
40
What is the remainder when 2225 is divided by 82?
11
Calculate the remainder when 634906 is divided by 628.
626
Calculate the remainder when 6033 is divided by 2996.
41
Calculate the remainder when 23320 is divided by 162.
154
What is the remainder when 18626 is divided by 2328?
2
What is the remainder when 20422 is divided by 496?
86
Calculate the remainder when 8886 is divided by 17.
12
What is the remainder when 12648 is divided by 18?
12
Calculate the remainder when 1856 is divided by 254.
78
Calculate the remainder when 1871 is divided by 49.
9
What is the remainder when 38361 is divided by 9580?
41
What is the remainder when 26283 is divided by 674?
671
Calculate the remainder when 11978 is divided by 26.
18
What is the remainder when 102276 is divided by 103?
100
Calculate the remainder when 63903 is divided by 82.
25
Calculate the remainder when 1466903 is divided by 2747.
5
What is the remainder when 4466 is divided by 1305?
551
What is the remainder when 147656 is divided by 194?
22
What is the remainder when 7987 is divided by 3971?
45
What is the remainder when 20921 is divided by 3752?
2161
What is the remainder when 6877 is divided by 3222?
433
What is the remainder when 1163793 is divided by 5?
3
What is the remainder when 9772 is divided by 155?
7
What is the remainder when 1061 is divided by 1024?
37
Calculate the remainder when 336125 is divided by 32.
29
What is the remainder when 20970 is divided by 28?
26
Calculate the remainder when 4268 is divided by 1425.
1418
What is the remainder when 18677 is divided by 4649?
81
What is the remainder when 6957 is divided by 772?
9
What is the remainder when 3871 is divided by 112?
63
What is the remainder when 151999 is divided by 212?
207
What is the remainder when 3086 is divided by 517?
501
What is the remainder when 635582 is divided by 64?
62
Calculate the remainder when 1650 is divided by 182.
12
Calculate the remainder when 3672 is divided by 714.
102
Calculate the remainder when 240781 is divided by 602.
583
What is the remainder when 72937 is divided by 18233?
5
Calculate the remainder when 234487 is divided by 162.
73
Calculate the remainder when 8934 is divided by 982.
96
Calculate the remainder when 78098 is divided by 279.
257
Calculate the remainder when 15933 is divided by 362.
5
What is the remainder when 15619 is divided by 7805?
9
Calculate the remainder when 31007 is divided by 414.
371
What is the remainder when 28857 is divided by 80?
57
Calculate the remainder when 978371 is divided by 1496.
1483
What is the remainder when 306 is divided by 11?
9
Calculate the remainder when 2095 is divided by 301.
289
What is the remainder when 25025 is divided by 291?
290
What is the remainder when 6518 is divided by 2168?
14
Calculate the remainder when 65778 is